 257 is divided by 23?
4
What is the remainder when 74 is divided by 37?
0
What is the remainder when 263 is divided by 38?
35
What is the remainder when 204 is divided by 50?
4
What is the remainder when 3363 is divided by 29?
28
Calculate the remainder when 2417 is divided by 31.
30
What is the remainder when 20 is divided by 9?
2
What is the remainder when 104 is divided by 6?
2
What is the remainder when 20 is divided by 8?
4
What is the remainder when 81 is divided by 41?
40
Calculate the remainder when 264 is divided by 20.
4
What is the remainder when 3006 is divided by 58?
48
What is the remainder when 15383 is divided by 14?
11
What is the remainder when 749 is divided by 29?
24
Calculate the remainder when 1267 is divided by 415.
22
What is the remainder when 1284 is divided by 317?
16
Calculate the remainder when 496 is divided by 63.
55
What is the remainder when 2229 is divided by 62?
59
Calculate the remainder when 248 is divided by 64.
56
What is the remainder when 161 is divided by 47?
20
Calculate the remainder when 3476 is divided by 61.
60
What is the remainder when 2846 is divided by 95?
91
Calculate the remainder when 617 is divided by 152.
9
What is the remainder when 235 is divided by 37?
13
Calculate the remainder when 327 is divided by 24.
15
What is the remainder when 358 is divided by 88?
6
Calculate the remainder when 3690 is divided by 161.
148
What is the remainder when 474 is divided by 112?
26
What is the remainder when 1255 is divided by 18?
13
What is the remainder when 365 is divided by 67?
30
Calculate the remainder when 221 is divided by 68.
17
What is the remainder when 71 is divided by 53?
18
Calculate the remainder when 413 is divided by 6.
5
What is the remainder when 140 is divided by 51?
38
What is the remainder when 253 is divided by 143?
110
Calculate the remainder when 68 is divided by 20.
8
What is the remainder when 227 is divided by 64?
35
What is the remainder when 2692 is divided by 74?
28
What is the remainder when 617 is divided by 281?
55
What is the remainder when 1280 is divided by 21?
20
Calculate the remainder when 17 is divided by 11.
6
Calculate the remainder when 575 is divided by 203.
169
Calculate the remainder when 72 is divided by 37.
35
Calculate the remainder when 972 is divided by 72.
36
Calculate the remainder when 5201 is divided by 1298.
9
Calculate the remainder when 33274 is divided by 14.
10
What is the remainder when 747 is divided by 22?
21
What is the remainder when 568 is divided by 19?
17
What is the remainder when 100 is divided by 99?
1
Calculate the remainder when 98 is divided by 13.
7
Calculate the remainder when 427 is divided by 33.
31
Calculate the remainder when 570 is divided by 144.
138
Calculate the remainder when 191 is divided by 38.
1
Calculate the remainder when 1559 is divided by 57.
20
Calculate the remainder when 1964 is divided by 132.
116
Calculate the remainder when 302 is divided by 17.
13
Calculate the remainder when 420 is divided by 65.
30
Calculate the remainder when 219 is divided by 57.
48
Calculate the remainder when 25093 is divided by 21.
19
What is the remainder when 2648 is divided by 125?
23
Calculate the remainder when 44 is divided by 31.
13
What is the remainder when 550 is divided by 29?
28
What is the remainder when 615 is divided by 25?
15
What is the remainder when 8795 is divided by 166?
163
What is the remainder when 81 is divided by 37?
7
What is the remainder when 712 is divided by 30?
22
What is the remainder when 501 is divided by 46?
41
What is the remainder when 2035 is divided by 81?
10
Calculate the remainder when 313 is divided by 102.
7
What is the remainder when 428 is divided by 36?
32
What is the remainder when 79 is divided by 9?
7
What is the remainder when 89 is divided by 5?
4
What is the remainder when 2200 is divided by 35?
30
What is the remainder when 702 is divided by 142?
134
Calculate the remainder when 418 is divided by 85.
78
Calculate the remainder when 933 is divided by 78.
75
Calculate the remainder when 152 is divided by 35.
12
Calculate the remainder when 42 is divided by 22.
20
What is the remainder when 848 is divided by 12?
8
What is the remainder when 69 is divided by 22?
3
Calculate the remainder when 222 is divided by 41.
17
Calculate the remainder when 1314 is divided by 94.
92
Calculate the remainder when 127 is divided by 13.
10
Calculate the remainder when 75 is divided by 16.
11
Calculate the remainder when 317 is divided by 4.
1
Calculate the remainder when 9 is divided by 6.
3
What is the remainder when 30767 is divided by 12?
11
Calculate the remainder when 572 is divided by 56.
12
What is the remainder when 30603 is divided by 57?
51
Calculate the remainder when 1178 is divided by 59.
57
What is the remainder when 14376 is divided by 14?
12
Calculate the remainder when 156 is divided by 34.
20
What is the remainder when 118 is divided by 54?
10
What is the remainder when 460 is divided by 156?
148
Calculate the remainder when 213 is divided by 52.
5
Calculate the remainder when 237 is divided by 27.
21
What is the remainder when 71 is divided by 12?
11
Calculate the remainder when 197 is divided by 64.
5
What is the remainder when 112 is divided by 46?
20
Calculate the remainder when 1326 is divided by 19.
15
What is the remainder when 102 is divided by 62?
40
Calculate the remainder when 291 is divided by 108.
75
Calculate the remainder when 13137 is divided by 180.
177
Calculate the remainder when 8321 is divided by 185.
181
Calculate the remainder when 14 is divided by 10.
4
Calculate the remainder when 114 is divided by 103.
11
What is the remainder when 1075 is divided by 49?
46
Calculate the remainder when 165 is divided by 36.
21
What is the remainder when 1658 is divided by 83?
81
Calculate the remainder when 1192 is divided by 25.
17
Calculate the remainder when 547 is divided by 4.
3
Calculate the remainder when 94 is divided by 21.
10
Calculate the remainder when 1426 is divided by 51.
49
What is the remainder when 592 is divided by 79?
39
What is the remainder when 4044 is divided by 366?
18
What is the remainder when 3275 is divided by 63?
62
What is the remainder when 18 is divided by 15?
3
What is the remainder when 445 is divided by 219?
7
Calculate the remainder when 15 is divided by 6.
3
What is the remainder when 1335 is divided by 103?
99
Calculate the remainder when 532 is divided by 185.
162
Calculate the remainder when 3002 is divided by 62.
26
What is the remainder when 1033 is divided by 148?
145
What is the remainder when 23 is divided by 8?
7
What is the remainder when 109 is divided by 56?
53
Calculate the remainder when 6024 is divided by 25.
24
Calculate the remainder when 1591 is divided by 89.
78
What is the remainder when 1516 is divided by 256?
236
Calculate the remainder when 2739 is divided by 145.
129
Calculate the remainder when 757 is divided by 64.
53
Calculate the remainder when 44 is divided by 5.
4
What is the remainder when 192 is divided by 3?
0
Calculate the remainder when 1335 is divided by 1325.
10
Calculate the remainder when 2632 is divided by 37.
5
What is the remainder when 190 is divided by 8?
6
What is the remainder when 4207 is divided by 4195?
12
What is the remainder when 1083 is divided by 75?
33
What is the remainder when 259 is divided by 75?
34
Calculate the remainder when 256 is divided by 79.
19
Calculate the remainder when 1802 is divided by 43.
39
Calculate the remainder when 84 is divided by 53.
31
What is the remainder when 54 is divided by 19?
16
Calculate the remainder when 2842 is divided by 42.
28
Calculate the remainder when 324 is divided by 32.
4
Calculate the remainder when 2410 is divided by 802.
4
Calculate the remainder when 823 is divided by 51.
7
What is the remainder when 184 is divided by 21?
16
What is the remainder when 164 is divided by 28?
24
What is the remainder when 1340 is divided by 221?
14
What is the remainder when 888 is divided by 230?
198
What is the remainder when 169 is divided by 44?
37
What is the remainder when 336 is divided by 115?
106
Calculate the remainder when 242 is divided by 35.
32
What is the remainder when 180 is divided by 168?
12
Calculate the remainder when 16